{"id":6,"date":"2022-10-08T11:41:00","date_gmt":"2022-10-08T09:41:00","guid":{"rendered":"https:\/\/www.reifen-keller.com\/?page_id=6"},"modified":"2022-10-15T12:51:04","modified_gmt":"2022-10-15T10:51:04","slug":"reifen-keller","status":"publish","type":"page","link":"https:\/\/www.reifen-keller.com\/","title":{"rendered":"Willkommen bei Reifen Keller"},"content":{"rendered":"\n<p>Wolfgang Keller,<br>ich bin pers\u00f6nlich f\u00fcr Sie da!<\/p>\n\n\n\n<div class=\"wp-block-media-text alignwide is-stacked-on-mobile\" style=\"grid-template-columns:40% auto\"><figure class=\"wp-block-media-text__media\"><img loading=\"lazy\" decoding=\"async\" width=\"283\" height=\"251\" src=\"https:\/\/www.reifen-keller.com\/wp-content\/uploads\/2022\/10\/Wolfi.jpg\" alt=\"\" class=\"wp-image-19 size-full\"\/><\/figure><div class=\"wp-block-media-text__content\">\n<div style=\"height:42px\" aria-hidden=\"true\" class=\"wp-block-spacer\"><\/div>\n\n\n\n<ul class=\"wp-block-list\"><li>Montage &amp; Wuchten<\/li><li>RDKS Service<\/li><li>R\u00e4derwechsel<\/li><li>PKW Sommer- und Winterreifen aller Hersteller<\/li><li>Alufelgen s\u00e4mtlicher Hersteller<\/li><li>Reparatur von Alufelgen z.B. Anfahrsch\u00e4den usw.<\/li><li>Kettensatz-Tausch von allen Motorr\u00e4dern mit orig. DiD Kettens\u00e4tzen<br>\u00d6lwechsel<\/li><li>HU &amp; AU (PKW sowie Motorrad)<br>uvm.<\/li><\/ul>\n\n\n\n<p>Rufen Sie mich an unter 0821\/78 30 86!<\/p>\n<\/div><\/div>\n\n\n\n<p><strong>\u00d6ffnungszeiten<\/strong><\/p>\n\n\n\n<p>Montag bis Freitag: 9.00 &#8211; 18.00 Uhr<br>Samstag: nach Vereinbarung<\/p>\n\n\n\n<div style=\"height:25px\" aria-hidden=\"true\" class=\"wp-block-spacer\"><\/div>\n\n\n\n<p><strong>Angebote an Reifen f\u00fcr alle Motorradmodelle:<\/strong><br>Sowie<br>Bremss\u00e4ttel \u00fcberholen inkl. Ultraschallreinigung und neuem Dichtungspaket sowie Kundendienst und T\u00dcV abnahme.<\/p>\n\n\n\n<div style=\"height:25px\" aria-hidden=\"true\" class=\"wp-block-spacer\"><\/div>\n\n\n\n<p>Das<\/p>\n\n\n\n<p>Reifen Keller Team<\/p>\n","protected":false},"excerpt":{"rendered":"<p>Wolfgang Keller,ich bin pers\u00f6nlich f\u00fcr Sie da! \u00d6ffnungszeiten Montag bis Freitag: 9.00 &#8211; 18.00 UhrSamstag: nach Vereinbarung Angebote an Reifen f\u00fcr alle Motorradmodelle:SowieBremss\u00e4ttel \u00fcberholen inkl. Ultraschallreinigung und neuem Dichtungspaket sowie Kundendienst und T\u00dcV abnahme. Das[&#8230;]<\/p>\n","protected":false},"author":1,"featured_media":0,"parent":0,"menu_order":0,"comment_status":"closed","ping_status":"closed","template":"","meta":{"footnotes":""},"class_list":["post-6","page","type-page","status-publish","hentry"],"_links":{"self":[{"href":"https:\/\/www.reifen-keller.com\/index.php?rest_route=\/wp\/v2\/pages\/6","targetHints":{"allow":["GET"]}}],"collection":[{"href":"https:\/\/www.reifen-keller.com\/index.php?rest_route=\/wp\/v2\/pages"}],"about":[{"href":"https:\/\/www.reifen-keller.com\/index.php?rest_route=\/wp\/v2\/types\/page"}],"author":[{"embeddable":true,"href":"https:\/\/www.reifen-keller.com\/index.php?rest_route=\/wp\/v2\/users\/1"}],"replies":[{"embeddable":true,"href":"https:\/\/www.reifen-keller.com\/index.php?rest_route=%2Fwp%2Fv2%2Fcomments&post=6"}],"version-history":[{"count":16,"href":"https:\/\/www.reifen-keller.com\/index.php?rest_route=\/wp\/v2\/pages\/6\/revisions"}],"predecessor-version":[{"id":75,"href":"https:\/\/www.reifen-keller.com\/index.php?rest_route=\/wp\/v2\/pages\/6\/revisions\/75"}],"wp:attachment":[{"href":"https:\/\/www.reifen-keller.com\/index.php?rest_route=%2Fwp%2Fv2%2Fmedia&parent=6"}],"curies":[{"name":"wp","href":"https:\/\/api.w.org\/{rel}","templated":true}]}}